et f be (-1*i - -2)/(-1 + 0). Determine t(f).
13
Let z(b) be the third derivative of b**3 + 4*b**2 + 1/120*b**5 + 0 + 0*b + 5/12*b**4. Let n(x) be the first derivative of z(x). Determine n(0).
10
Suppose 3*q = q + 34. Let l(m) = 5*m - 33 + 16 + q. Give l(3).
15
Let v be (-13)/(39/(-2)) + 28/(-6). Let w be 0 - (-15)/(-10) - 10/v. Let k(u) = u - 1. What is k(w)?
0
Let s(b) = 4*b + 2. Let r(o) = -6 + 4 + 4 - 3*o - 2*o**2. Let t be (-1)/((-2)/(-6)*-3). Let g be r(t). Give s(g).
-10
Let f(r) = r**2 + 0 - 37*r + 45*r + 4. Suppose 0 = 5*q + 5*y + 75, -4*q + 6*y - 96 = y. Let g be (-2)/3 - q/(-3). Calculate f(g).
-3
Suppose -w = 3*z + 31, -5*z - 112 = 4*w - 51. Let f(n) = 8 - 10*n**2 - 6*n + 4*n - n**3 - 7*n. What is f(z)?
8
Let a(z) = 6*z**3 - z**2 - z - 1. Suppose h + 3*h - 28 = 0. Suppose -h = -5*v - 12. Give a(v).
-7
Suppose 517 - 589 = -24*t. Let y(f) = -2*f**3 + f**2 + 6*f - 5. What is y(t)?
-32
Let z(m) be the third derivative of -10*m**2 + 0 + 2/3*m**3 - 1/12*m**4 + 0*m. Determine z(6).
-8
Let x(w) = -2*w - 4. Let m be x(-3). Let v = m + -1. Let f(i) = 10*i**2 + 0*i - 228 - i + 461 - 232. Determine f(v).
10
Let n(p) = p + 13. Let h = -489 - -499. Give n(h).
23
Let l(g) be the third derivative of g**6/120 - 7*g**5/60 - g**4/12 + 7*g**3/6 + 78*g**2. Determine l(7).
-7
Let f(i) = -i**2 + 6*i - 6. Suppose -6*m - 88 + 10 = 0. Let d = m + 17. Determine f(d).
2
Let k(z) = 3*z + 2. Suppose 2*s - 4*q - 20 = 0, 3*q + 0*q = -s. Determine k(s).
20
Let g = 3 + -1. Let c(q) be the first derivative of 0*q + 5 - 2/3*q**3 + 1/2*q**4 - q**2. Give c(g).
4
Let n(k) = -k**3 - 6*k**2 + 2*k + 9. Let v(t) = t**3 - 5*t**2 - 6. Let c = -29 - -34. Let g be v(c). Determine n(g).
-3
Let q = 90 - 86. Let u(a) be the first derivative of 0*a**3 - 1/2*a**2 + 3/2*a**q - a + 6. Calculate u(-1).
-6
Suppose -82*x - 136 + 464 = 0. Let i(j) = 11*j - 16. Calculate i(x).
28
Let j(b) be the third derivative of b**5/60 - 5*b**4/24 + 7*b**3/6 + 11*b**2 - 2*b. Let k be 87/15 - (-3)/15. What is j(k)?
13
Let l = -83 + 107. Suppose 10 = 7*c + l. Let y(a) be the second derivative of a**3/3 - a. Calculate y(c).
-4
Let u(w) be the second derivative of w**3/6 + w**2/2 - 3*w. Let s be u(8). Suppose 4*d + s = 1, 3 = g - d. Let t(p) = -7*p**2 + p. What is t(g)?
-6
Let u(n) = 4*n**2 - 4*n + 3. Let h be u(1). Let a(m) = -m**2 + 4. Give a(h).
-5
Let x = -33 + 39. Let c(y) = -2*y + 4. Let o(z) = -z + 0*z + 0*z + 2. Let h(s) = x*c(s) - 11*o(s). What is h(3)?
-1
Suppose 0 = -2*l - 3*l + 20. Let n(t) = -8*t**2 + 3 + 13*t**2 + 4*t - t**3 - l*t**2. Suppose -3*s + 1 - 5 = -2*z, -s = -5*z - 3. What is n(s)?
7
Let p(d) = -d**3 + 3*d**2 - 2*d. Let b(j) = -j**3 - 6*j**2 + 6*j + 3. Let z be b(-6). Let r be (-12)/2*z/22. Let h = r - 7. Calculate p(h).
0
Let h(l) = -l - 2. Suppose 0 = 5*i - 8*i - 10*i. Determine h(i).
-2
Let n(j) = j + 3. Let s be n(-6). Let r be 4 - (-2 - 1)/s. Let w(h) = 1 + 2 + 0 - 1717*h + 1719*h. What is w(r)?
9
Let w be (-50)/105*(-12)/(-2)*-7. Suppose 73*j = 77*j - w. Let s(v) = 3*v + 0*v + 1 - 2*v. Give s(j).
6
Let h(g) = g**2 - 3*g - 3. Let v(x) = -2*x**3 - 4*x**2 - 12*x - 1. Let u(o) = -3*o**3 - 3*o**2 - 13*o. Let d(f) = -4*u(f) + 5*v(f). Let z be d(5). What is h(z)?
7
Let t(g) = 47*g - 5. Let m(h) = 156*h - 16. Let n(b) = 3*m(b) - 10*t(b). Give n(1).
0
Let w(x) be the second derivative of x**6/360 + x**5/15 - 3*x**4/8 + 8*x**3/3 + 42*x. Let v(b) be the second derivative of w(b). What is v(-9)?
0
Suppose -3*t + 33 = -q - 1, 5*t - 46 = -q. Let y(b) be the third derivative of b**4/24 - 7*b**3/3 - b**2. What is y(t)?
-4
Let h be 1*-18 + 2 - (-5 + 1). Let t be (2*(h - -5))/2. Let g(b) = b - 6. Give g(t).
-13
Let v = -580 + 573. Let i(m) = -2*m + 6. Calculate i(v).
20
Let u(q) be the third derivative of -q**8/6720 + q**7/630 - q**6/144 + q**5/60 - 3*q**4/8 - 9*q**2. Let w(v) be the second derivative of u(v). Determine w(3).
-4
Let o(w) = w - 7. Let r(f) = 2*f - 8. Let b = 20 + -23. Let c be ((-4)/b - 2)*-9. Let q be r(c). What is o(q)?
-3
Let a(f) be the second derivative of -f**3/6 - 5*f**2/2 + 2*f - 19. Let d be (-8 - 0)*(1 - 0). Give a(d).
3
Let p(o) = 4*o**2 - 8*o**2 - 2*o + 19 - 18. Let q be ((-3)/(-6))/((-5)/170). Let m = q - -18. What is p(m)?
-5
Let l(a) = -5*a + a**2 + 2 - a + 0*a - 2*a**2. Suppose y = y + 3*y. Suppose -i - i - 5*n = y, 3*n = 5*i + 31. Determine l(i).
7
Let a(i) = -i**2 + 19*i + 74. Let r be a(22). Let w(o) = -o**2 + 7*o - 6. Calculate w(r).
-14
Let m be (2 - 3)/(3/57). Let x be (-3)/(-3) + 2 + m. Let z = x + 22. Let r(b) = b**3 - 5*b**2 - 4*b + 2. Determine r(z).
14
Let z(m) = -6 - 617*m - 616*m - 611*m + 1836*m. Calculate z(-5).
34
Let p(n) = n**2 - n - 1. Let h = -25 - -32. Suppose -h*c - 14 = -0*c. Calculate p(c).
5
Let m be (2 + -1)/(2 + -1). Let i be (-4)/6*54/(-3). Let c(x) = -7 - 2*x - x**3 + 3 + 3*x**2 + i - 7. Determine c(m).
1
Let t(d) = -d - 1. Let p be (-493)/51 + ((-8)/(-6))/2. Give t(p).
8
Let z(s) = s - 1. Let p(n) = -7. Let j(m) = p(m) + 2*z(m). Suppose 5*d + t - 30 = 0, 7*d - 4*d - 18 = -2*t. Give j(d).
3
Let q(l) = 5*l - 39 + 23 + 17. Calculate q(4).
21
Let n be (2 - 8) + 34 + -18. Let k(w) = w**2 - 12*w + 11. Calculate k(n).
-9
Let b(v) = -2*v + 2. Suppose 4 = -a + 3*x, x - 4*x + 9 = 0. Let g = 14 - a. Let l be g/(-3)*-1 - 5. Calculate b(l).
6
Let j(q) = -q. Let b(t) = -t**3 + 21*t**2 + 2*t - 40. Let g be b(21). Suppose 5*m = g*m + 3. Give j(m).
-1
Let r(g) be the third derivative of 1/6*g**3 - 7/24*g**4 + 0 + 1/120*g**6 + 0*g - 14*g**2 + 1/12*g**5. What is r(-6)?
7
Let b(f) = -f**3 + 2*f**2 - f + 6. Let x(a) = -3*a**3 + 2*a**2 + a + 8. Let p(i) = -2*b(i) + x(i). Give p(-3).
-4
Suppose m = 4, -2*z - 2*m = -0*m - 20. Suppose 28*y + z = 26*y. Let n(w) = w**3 + 4*w**2 + 3*w + 1. Give n(y).
1
Let l(f) = -7*f - 44. Let d be l(-10). Let a(b) = -3 + 2*b**2 - d*b + 54*b - 27*b - b**3. What is a(3)?
-9
Let b(a) = 2 + 2 + a - a**3 + 1. Suppose -3*h = o + 302, 6*o - 3 = 3*o. Let v = h + 101. Determine b(v).
5
Let r(a) = 3*a - 6. Let b(n) = n**2 + n - 1. Let u be b(3). Let c = -7 + u. Calculate r(c).
6
Let s(l) = l + 9. Let c(y) = y + 2. Let n be c(-5). Suppose 2 + 2 = -a. Let m be -5 + n - (a - -1). Calculate s(m).
4
Let g(n) = -4*n**3 - 2*n**2 - 4*n + 2. Let z(j) = -5*j**3 - 4*j**2 - 5*j + 3. Let h(t) = -4*g(t) + 3*z(t). Calculate h(4).
5
Let j(b) = -3*b**3 - 37*b**2 + 38*b + 16. Let x(h) = h**3 + 12*h**2 - 12*h - 5. Let z(d) = 3*j(d) + 8*x(d). Give z(-16).
-24
Let i(d) = -3 - 6 + 0 - 4*d. Let w(z) = 9*z + 18. Suppose -14*q + 46*q = -96. Let o(g) = q*w(g) - 7*i(g). Give o(-4).
5
Let y(j) = 45*j - 20*j + 3 - 24*j. Determine y(7).
10
Suppose -n + 7 = -5. Let w = -9 + n. Let m(j) = 6 - 3*j - j - w*j + 4*j. Determine m(4).
-6
Let r(g) = 5*g**3 + g**2 + 5*g + 6. Let s(i) = -6*i**3 - 6*i - 7. Let c = -82 - -86. Let x(a) = c*s(a) + 5*r(a). Determine x(-5).
-3
Let s(z) be the third derivative of -z**6/360 + z**5/60 + z**4/3 + 2*z**3 + 6*z**2. Let x(f) be the first derivative of s(f). Give x(6).
-16
Let v(t) = -6*t**2 + 13*t - 4. Let i(o) = -11*o**2 + 21*o - 9. Let u(c) = 4*i(c) - 7*v(c). Calculate u(-7).
-57
Let j(m) = -16*m**3 - 15*m**2 + 5*m - 4. Let b(c) = 3*c**3 + 3*c**2 - c + 1. Let s(y) = -11*b(y) - 2*j(y). What is s(-4)?
9
Let k(w) = -w**2 + 15*w + 6. Let o be k(16). Let z(i) = i**2 + 10*i + 10. Determine z(o).
10
Let f(s) = -3*s + 1. Let n(j) = -j**3 - 4*j**2 + 8*j - 4. Let d be n(-4). Let w = 37 + d. Give f(w).
-2
Suppose 9*h - 4*h + 20 = 5*c, -2*c = 4*h + 4. Let a(t) = -3 + t - 33 + 4*t. Let v(q) = q - 7. Let d(f) = h*a(f) + 11*v(f). Calculate d(6).
1
Let z(u) = -3*u**3 + 12*u**2 - 3*u + 5. Let n(l) = l**2 + 15*l + 40. Let g be n(-3). Determine z(g).
-7
Let n(d) be the third derivative of d**6/120 - d**5/15 - d**3/6 + 2*d**2. Let t be n(4). Let k(j) = -3*j - 1. Give k(t).
2
Suppose 0*o - 2 = -o. Suppose -o*g + c = 1, -4 = 5*g - c - 0. Let d(k) = 6*k**2 - k. What is d(g)?
7
Let l(k) = 8 + 8 + 4*k + 7 + 2 - 26. Determine l(-8).
-33
Let v(u) = -3*u**3 + u**2 - 1. Let p(w) = -16*w**3 + 12*w**2 - 6*w - 10. Let q(b) = -p(b) + 5*v(b). Give q(6).
5
Let o(h) = h**3 + h. Let d(z) = 7*z**3 - 21*z**2 + 13*z + 16. Let l(q) = -d(q) + 5*o(q). Calculate l(10).
4
Let f(z) be the first derivative of -z**6/360 - z**5/15 - 7*z**4/24 + 8*z**3 + 36. Let o(k) be the third 